{"id":230,"date":"2022-07-12T15:36:33","date_gmt":"2022-07-12T13:36:33","guid":{"rendered":"https:\/\/controleuraerien.fr\/?page_id=230"},"modified":"2022-08-02T10:23:40","modified_gmt":"2022-08-02T08:23:40","slug":"credits","status":"publish","type":"page","link":"https:\/\/controleuraerien.fr\/index.php\/credits\/","title":{"rendered":"Cr\u00e9dits"},"content":{"rendered":"\t\t<div data-elementor-type=\"wp-page\" data-elementor-id=\"230\" class=\"elementor elementor-230\">\n\t\t\t\t\t\t\t\t\t<section class=\"elementor-section elementor-top-section elementor-element elementor-element-7458519 elementor-section-boxed elementor-section-height-default elementor-section-height-default\" data-id=\"7458519\" data-element_type=\"section\">\n\t\t\t\t\t\t<div class=\"elementor-container elementor-column-gap-default\">\n\t\t\t\t\t<div class=\"elementor-column elementor-col-100 elementor-top-column elementor-element elementor-element-166cd31\" data-id=\"166cd31\" data-element_type=\"column\">\n\t\t\t<div class=\"elementor-widget-wrap elementor-element-populated\">\n\t\t\t\t\t\t\t\t<div class=\"elementor-element elementor-element-e9f1314 elementor-widget elementor-widget-heading\" data-id=\"e9f1314\" data-element_type=\"widget\" data-widget_type=\"heading.default\">\n\t\t\t\t<div class=\"elementor-widget-container\">\n\t\t\t<style>\/*! elementor - v3.6.7 - 03-07-2022 *\/\n.elementor-heading-title{padding:0;margin:0;line-height:1}.elementor-widget-heading .elementor-heading-title[class*=elementor-size-]>a{color:inherit;font-size:inherit;line-height:inherit}.elementor-widget-heading .elementor-heading-title.elementor-size-small{font-size:15px}.elementor-widget-heading .elementor-heading-title.elementor-size-medium{font-size:19px}.elementor-widget-heading .elementor-heading-title.elementor-size-large{font-size:29px}.elementor-widget-heading .elementor-heading-title.elementor-size-xl{font-size:39px}.elementor-widget-heading .elementor-heading-title.elementor-size-xxl{font-size:59px}<\/style><h1 class=\"elementor-heading-title elementor-size-default\">Cr\u00e9dits<\/h1>\t\t<\/div>\n\t\t\t\t<\/div>\n\t\t\t\t<div class=\"elementor-element elementor-element-5b43685 elementor-widget elementor-widget-text-editor\" data-id=\"5b43685\" data-element_type=\"widget\" data-widget_type=\"text-editor.default\">\n\t\t\t\t<div class=\"elementor-widget-container\">\n\t\t\t<style>\/*! elementor - v3.6.7 - 03-07-2022 *\/\n.elementor-widget-text-editor.elementor-drop-cap-view-stacked .elementor-drop-cap{background-color:#818a91;color:#fff}.elementor-widget-text-editor.elementor-drop-cap-view-framed .elementor-drop-cap{color:#818a91;border:3px solid;background-color:transparent}.elementor-widget-text-editor:not(.elementor-drop-cap-view-default) .elementor-drop-cap{margin-top:8px}.elementor-widget-text-editor:not(.elementor-drop-cap-view-default) .elementor-drop-cap-letter{width:1em;height:1em}.elementor-widget-text-editor .elementor-drop-cap{float:left;text-align:center;line-height:1;font-size:50px}.elementor-widget-text-editor .elementor-drop-cap-letter{display:inline-block}<\/style>\t\t\t\t<ul class=\"\"><li class=\"\"><span class=\"\">Cr\u00e9dits site : <\/span><br \/><ul class=\"\"><li class=\"\"><span class=\"\">Production: <a href=\"https:\/\/www.gaido.fr\/\" target=\"_blank\" rel=\"noopener\">Gaido<\/a><\/span><\/li><\/ul><\/li><li class=\"\"><span class=\"\">Cr\u00e9dits photos : <\/span><br \/><ul class=\"\"><li><div class=\"\"><b class=\"\">Tour de contr\u00f4le<\/b> : Romain MICHAUD<\/div><\/li><li><div class=\"\"><b class=\"\">Enfant qui dort<\/b>\u00a0: Marion PRIES<\/div><\/li><li><div class=\"\"><b class=\"\">Feu de camp<\/b>\u00a0:\u00a0<a class=\"\" href=\"http:\/\/123rf.com\/\">123rf<\/a><\/div><\/li><li><div class=\"\"><b class=\"\">Canadair :<\/b> Ness\u00a0<\/div><\/li><li><a href=\"https:\/\/www.istockphoto.com\" target=\"_blank\" rel=\"noopener\">iStock<\/a><\/li><\/ul><\/li><li class=\"\"><span class=\"\" style=\"color: #1e1f21;\"><span class=\"\" style=\"color: #1e1f21;\"><span class=\"\">Cr\u00e9dits film :<\/span><\/span><\/span><br \/><ul class=\"\"><li class=\"\">R\u00e9alisation et montage : <a href=\"https:\/\/www.quatredeuxdeux.com\/\" target=\"_blank\" rel=\"noopener\">Quatre Deux Deux<\/a><\/li><li class=\"\">Voix-Off : <a href=\"https:\/\/www.jessievoices.com\/\" target=\"_blank\" rel=\"noopener\">Jessie Claire<\/a><\/li><li class=\"\">Plan additionnels <a href=\"https:\/\/www.shutterstock.com\" target=\"_blank\" rel=\"noopener\">Shutterstock<\/a> :\u00a0Egoreichenkov Evgenii , Maridav,\u00a0Spoialabrothers,\u00a0Hananeko_Studio,\u00a0Federico Rostagno,\u00a0TommyStockProject,\u00a0Kaspriestess,\u00a0Alex Desanshe,\u00a0Aleksei Logvinenko<span class=\"\"><br class=\"\" \/><\/span><\/li><\/ul><\/li><\/ul>\t\t\t\t\t\t<\/div>\n\t\t\t\t<\/div>\n\t\t\t\t<div class=\"elementor-element elementor-element-aa01075 elementor-widget elementor-widget-text-editor\" data-id=\"aa01075\" data-element_type=\"widget\" data-widget_type=\"text-editor.default\">\n\t\t\t\t<div class=\"elementor-widget-container\">\n\t\t\t\t\t\t\t\t\t\t\t\t\t<\/div>\n\t\t\t\t<\/div>\n\t\t\t\t\t<\/div>\n\t\t<\/div>\n\t\t\t\t\t\t\t<\/div>\n\t\t<\/section>\n\t\t\t\t\t\t\t<\/div>\n\t\t","protected":false},"excerpt":{"rendered":"<p>Cr\u00e9dits Cr\u00e9dits site : Production: Gaido Cr\u00e9dits photos : Tour de contr\u00f4le : Romain MICHAUD Enfant qui dort\u00a0: Marion PRIES Feu de camp\u00a0:\u00a0123rf Canadair : Ness\u00a0 iStock Cr\u00e9dits film : R\u00e9alisation et montage : Quatre Deux Deux Voix-Off : Jessie Claire Plan additionnels Shutterstock :\u00a0Egoreichenkov Evgenii , Maridav,\u00a0Spoialabrothers,\u00a0Hananeko_Studio,\u00a0Federico Rostagno,\u00a0TommyStockProject,\u00a0Kaspriestess,\u00a0Alex Desanshe,\u00a0Aleksei Logvinenko<\/p>\n","protected":false},"author":1,"featured_media":0,"parent":0,"menu_order":0,"comment_status":"closed","ping_status":"closed","template":"","meta":{"inline_featured_image":false,"footnotes":""},"class_list":["post-230","page","type-page","status-publish","hentry"],"yoast_head":"<!-- This site is optimized with the Yoast SEO plugin v19.2 - https:\/\/yoast.com\/wordpress\/plugins\/seo\/ -->\n<title>Contr\u00f4leur a\u00e9rien - Cr\u00e9dits<\/title>\n<meta name=\"robots\" content=\"index, follow, max-snippet:-1, max-image-preview:large, max-video-preview:-1\" \/>\n<link rel=\"canonical\" href=\"https:\/\/controleuraerien.fr\/index.php\/credits\/\" \/>\n<meta property=\"og:locale\" content=\"fr_FR\" \/>\n<meta property=\"og:type\" content=\"article\" \/>\n<meta property=\"og:title\" content=\"Contr\u00f4leur a\u00e9rien - Cr\u00e9dits\" \/>\n<meta property=\"og:description\" content=\"Cr\u00e9dits Cr\u00e9dits site : Production: Gaido Cr\u00e9dits photos : Tour de contr\u00f4le : Romain MICHAUD Enfant qui dort\u00a0: Marion PRIES Feu de camp\u00a0:\u00a0123rf Canadair : Ness\u00a0 iStock Cr\u00e9dits film : R\u00e9alisation et montage : Quatre Deux Deux Voix-Off : Jessie Claire Plan additionnels Shutterstock :\u00a0Egoreichenkov Evgenii , Maridav,\u00a0Spoialabrothers,\u00a0Hananeko_Studio,\u00a0Federico Rostagno,\u00a0TommyStockProject,\u00a0Kaspriestess,\u00a0Alex Desanshe,\u00a0Aleksei Logvinenko\" \/>\n<meta property=\"og:url\" content=\"https:\/\/controleuraerien.fr\/index.php\/credits\/\" \/>\n<meta property=\"og:site_name\" content=\"Contr\u00f4leur a\u00e9rien\" \/>\n<meta property=\"article:modified_time\" content=\"2022-08-02T08:23:40+00:00\" \/>\n<meta property=\"og:image\" content=\"https:\/\/controleuraerien.fr\/wp-content\/uploads\/2022\/07\/SNCTA-CA-SOLIDARITY.jpg\" \/>\n\t<meta property=\"og:image:width\" content=\"636\" \/>\n\t<meta property=\"og:image:height\" content=\"899\" \/>\n\t<meta property=\"og:image:type\" content=\"image\/jpeg\" \/>\n<meta name=\"author\" content=\"gaido\" \/>\n<meta name=\"twitter:card\" content=\"summary_large_image\" \/>\n<meta name=\"twitter:label1\" content=\"Dur\u00e9e de lecture estim\u00e9e\" \/>\n\t<meta name=\"twitter:data1\" content=\"1 minute\" \/>\n<script type=\"application\/ld+json\" class=\"yoast-schema-graph\">{\"@context\":\"https:\/\/schema.org\",\"@graph\":[{\"@type\":\"Organization\",\"@id\":\"https:\/\/controleuraerien.fr\/#organization\",\"name\":\"Contr\u00f4leur a\u00e9rien - Share the sky, safety, passion, future\",\"url\":\"https:\/\/controleuraerien.fr\/\",\"sameAs\":[],\"logo\":{\"@type\":\"ImageObject\",\"inLanguage\":\"fr-FR\",\"@id\":\"https:\/\/controleuraerien.fr\/#\/schema\/logo\/image\/\",\"url\":\"https:\/\/controleuraerien.fr\/wp-content\/uploads\/2022\/07\/LOGO.png\",\"contentUrl\":\"https:\/\/controleuraerien.fr\/wp-content\/uploads\/2022\/07\/LOGO.png\",\"width\":129,\"height\":92,\"caption\":\"Contr\u00f4leur a\u00e9rien - Share the sky, safety, passion, future\"},\"image\":{\"@id\":\"https:\/\/controleuraerien.fr\/#\/schema\/logo\/image\/\"}},{\"@type\":\"WebSite\",\"@id\":\"https:\/\/controleuraerien.fr\/#website\",\"url\":\"https:\/\/controleuraerien.fr\/\",\"name\":\"Contr\u00f4leur a\u00e9rien\",\"description\":\"\",\"publisher\":{\"@id\":\"https:\/\/controleuraerien.fr\/#organization\"},\"potentialAction\":[{\"@type\":\"SearchAction\",\"target\":{\"@type\":\"EntryPoint\",\"urlTemplate\":\"https:\/\/controleuraerien.fr\/?s={search_term_string}\"},\"query-input\":\"required name=search_term_string\"}],\"inLanguage\":\"fr-FR\"},{\"@type\":\"WebPage\",\"@id\":\"https:\/\/controleuraerien.fr\/index.php\/credits\/#webpage\",\"url\":\"https:\/\/controleuraerien.fr\/index.php\/credits\/\",\"name\":\"Contr\u00f4leur a\u00e9rien - Cr\u00e9dits\",\"isPartOf\":{\"@id\":\"https:\/\/controleuraerien.fr\/#website\"},\"datePublished\":\"2022-07-12T13:36:33+00:00\",\"dateModified\":\"2022-08-02T08:23:40+00:00\",\"breadcrumb\":{\"@id\":\"https:\/\/controleuraerien.fr\/index.php\/credits\/#breadcrumb\"},\"inLanguage\":\"fr-FR\",\"potentialAction\":[{\"@type\":\"ReadAction\",\"target\":[\"https:\/\/controleuraerien.fr\/index.php\/credits\/\"]}]},{\"@type\":\"BreadcrumbList\",\"@id\":\"https:\/\/controleuraerien.fr\/index.php\/credits\/#breadcrumb\",\"itemListElement\":[{\"@type\":\"ListItem\",\"position\":1,\"name\":\"Accueil\",\"item\":\"https:\/\/controleuraerien.fr\/\"},{\"@type\":\"ListItem\",\"position\":2,\"name\":\"Cr\u00e9dits\"}]}]}<\/script>\n<!-- \/ Yoast SEO plugin. -->","yoast_head_json":{"title":"Contr\u00f4leur a\u00e9rien - Cr\u00e9dits","robots":{"index":"index","follow":"follow","max-snippet":"max-snippet:-1","max-image-preview":"max-image-preview:large","max-video-preview":"max-video-preview:-1"},"canonical":"https:\/\/controleuraerien.fr\/index.php\/credits\/","og_locale":"fr_FR","og_type":"article","og_title":"Contr\u00f4leur a\u00e9rien - Cr\u00e9dits","og_description":"Cr\u00e9dits Cr\u00e9dits site : Production: Gaido Cr\u00e9dits photos : Tour de contr\u00f4le : Romain MICHAUD Enfant qui dort\u00a0: Marion PRIES Feu de camp\u00a0:\u00a0123rf Canadair : Ness\u00a0 iStock Cr\u00e9dits film : R\u00e9alisation et montage : Quatre Deux Deux Voix-Off : Jessie Claire Plan additionnels Shutterstock :\u00a0Egoreichenkov Evgenii , Maridav,\u00a0Spoialabrothers,\u00a0Hananeko_Studio,\u00a0Federico Rostagno,\u00a0TommyStockProject,\u00a0Kaspriestess,\u00a0Alex Desanshe,\u00a0Aleksei Logvinenko","og_url":"https:\/\/controleuraerien.fr\/index.php\/credits\/","og_site_name":"Contr\u00f4leur a\u00e9rien","article_modified_time":"2022-08-02T08:23:40+00:00","og_image":[{"width":636,"height":899,"url":"https:\/\/controleuraerien.fr\/wp-content\/uploads\/2022\/07\/SNCTA-CA-SOLIDARITY.jpg","type":"image\/jpeg"}],"author":"gaido","twitter_card":"summary_large_image","twitter_misc":{"Dur\u00e9e de lecture estim\u00e9e":"1 minute"},"schema":{"@context":"https:\/\/schema.org","@graph":[{"@type":"Organization","@id":"https:\/\/controleuraerien.fr\/#organization","name":"Contr\u00f4leur a\u00e9rien - Share the sky, safety, passion, future","url":"https:\/\/controleuraerien.fr\/","sameAs":[],"logo":{"@type":"ImageObject","inLanguage":"fr-FR","@id":"https:\/\/controleuraerien.fr\/#\/schema\/logo\/image\/","url":"https:\/\/controleuraerien.fr\/wp-content\/uploads\/2022\/07\/LOGO.png","contentUrl":"https:\/\/controleuraerien.fr\/wp-content\/uploads\/2022\/07\/LOGO.png","width":129,"height":92,"caption":"Contr\u00f4leur a\u00e9rien - Share the sky, safety, passion, future"},"image":{"@id":"https:\/\/controleuraerien.fr\/#\/schema\/logo\/image\/"}},{"@type":"WebSite","@id":"https:\/\/controleuraerien.fr\/#website","url":"https:\/\/controleuraerien.fr\/","name":"Contr\u00f4leur a\u00e9rien","description":"","publisher":{"@id":"https:\/\/controleuraerien.fr\/#organization"},"potentialAction":[{"@type":"SearchAction","target":{"@type":"EntryPoint","urlTemplate":"https:\/\/controleuraerien.fr\/?s={search_term_string}"},"query-input":"required name=search_term_string"}],"inLanguage":"fr-FR"},{"@type":"WebPage","@id":"https:\/\/controleuraerien.fr\/index.php\/credits\/#webpage","url":"https:\/\/controleuraerien.fr\/index.php\/credits\/","name":"Contr\u00f4leur a\u00e9rien - Cr\u00e9dits","isPartOf":{"@id":"https:\/\/controleuraerien.fr\/#website"},"datePublished":"2022-07-12T13:36:33+00:00","dateModified":"2022-08-02T08:23:40+00:00","breadcrumb":{"@id":"https:\/\/controleuraerien.fr\/index.php\/credits\/#breadcrumb"},"inLanguage":"fr-FR","potentialAction":[{"@type":"ReadAction","target":["https:\/\/controleuraerien.fr\/index.php\/credits\/"]}]},{"@type":"BreadcrumbList","@id":"https:\/\/controleuraerien.fr\/index.php\/credits\/#breadcrumb","itemListElement":[{"@type":"ListItem","position":1,"name":"Accueil","item":"https:\/\/controleuraerien.fr\/"},{"@type":"ListItem","position":2,"name":"Cr\u00e9dits"}]}]}},"_links":{"self":[{"href":"https:\/\/controleuraerien.fr\/index.php\/wp-json\/wp\/v2\/pages\/230","targetHints":{"allow":["GET"]}}],"collection":[{"href":"https:\/\/controleuraerien.fr\/index.php\/wp-json\/wp\/v2\/pages"}],"about":[{"href":"https:\/\/controleuraerien.fr\/index.php\/wp-json\/wp\/v2\/types\/page"}],"author":[{"embeddable":true,"href":"https:\/\/controleuraerien.fr\/index.php\/wp-json\/wp\/v2\/users\/1"}],"replies":[{"embeddable":true,"href":"https:\/\/controleuraerien.fr\/index.php\/wp-json\/wp\/v2\/comments?post=230"}],"version-history":[{"count":41,"href":"https:\/\/controleuraerien.fr\/index.php\/wp-json\/wp\/v2\/pages\/230\/revisions"}],"predecessor-version":[{"id":906,"href":"https:\/\/controleuraerien.fr\/index.php\/wp-json\/wp\/v2\/pages\/230\/revisions\/906"}],"wp:attachment":[{"href":"https:\/\/controleuraerien.fr\/index.php\/wp-json\/wp\/v2\/media?parent=230"}],"curies":[{"name":"wp","href":"https:\/\/api.w.org\/{rel}","templated":true}]}}